23
In base 2, what is 1100001111010 - 1?
1100001111001
In base 4, what is -3302 + 103?
-3133
In base 15, what is -32ec4 + 0?
-32ec4
In base 10, what is -16 - -1091?
1075
In base 11, what is -53678 + 1?
-53677
In base 5, what is 0 - 1414331?
-1414331
In base 12, what is 1128 - 13?
1115
In base 4, what is 131123 + -11220?
113303
In base 16, what is -67 - -b0?
49
In base 12, what is -13 - 355?
-368
In base 5, what is -4 + 142221330?
142221321
In base 6, what is -212 + -2302?
-2514
In base 16, what is -acd6 - 0?
-acd6
In base 3, what is -122212122022211 + 12?
-122212122022122
In base 11, what is 663 - 4?
65a
In base 9, what is -37 - -76265?
76227
In base 9, what is 662 + 4621?
5383
In base 9, what is -77643 + 3?
-77640
In base 3, what is -1012010 + 1201211?
112201
In base 8, what is -1 - 10002?
-10003
In base 9, what is -547 + 2013?
1355
In base 11, what is -29596 + 1?
-29595
In base 12, what is -193 - -185a?
1687
In base 5, what is -440 + -1124?
-2114
In base 11, what is -276a - -2?
-2768
In base 2, what is -110011110100 - 10?
-110011110110
In base 3, what is 112 - 120110?
-112221
In base 5, what is 1331 + -44?
1232
In base 6, what is -350210 + 0?
-350210
In base 7, what is 42 + 3524?
3566
In base 3, what is -10001 + 20020120?
20010112
In base 14, what is 1 + 8d72?
8d73
In base 6, what is 10 - -253554?
254004
In base 5, what is -3 - -1422003?
1422000
In base 4, what is 2 - -230132030?
230132032
In base 16, what is -8f6 + -47?
-93d
In base 15, what is -86c - 1eb?
-a68
In base 6, what is -32 + 12214?
12142
In base 15, what is 5b19 - -1?
5b1a
In base 11, what is 151 + 3?
154
In base 5, what is 2434304 + -2?
2434302
In base 15, what is 3793b + 3?
3793e
In base 6, what is 122 + -424?
-302
In base 13, what is 5 - 9515?
-9510
In base 7, what is 23250 + 30?
23310
In base 12, what is 0 - -b35a5?
b35a5
In base 3, what is -1002202 + 110?
-1002022
In base 4, what is 11223122 - -11?
11223133
In base 12, what is 210b + -2?
2109
In base 7, what is -1 + 5516?
5515
In base 12, what is -41 + 545?
504
In base 10, what is -4 + 17756?
17752
In base 14, what is -11 + 811?
800
In base 13, what is -562 + -4c1?
-a53
In base 3, what is 10202022 + -2110220?
1021102
In base 7, what is -12314021 + -5?
-12314026
In base 6, what is 3125 - 15031?
-11502
In base 12, what is -9a7 + 35a?
-649
In base 10, what is -59652 + 17?
-59635
In base 8, what is 0 - 66533?
-66533
In base 14, what is 0 - 1c76a?
-1c76a
In base 8, what is -15 - -5615?
5600
In base 2, what is 1111001010101 + -1111110?
1110111010111
In base 15, what is -24 - 1e?
-43
In base 12, what is a6 - -2b63?
3049
In base 16, what is -83c + aa?
-792
In base 10, what is -16702 - -338?
-16364
In base 7, what is -561650 + 35?
-561612
In base 9, what is 6865 - 3?
6862
In base 10, what is 555265 + -4?
555261
In base 7, what is 151 - -232?
413
In base 5, what is -102 - -204211?
204104
In base 7, what is -56202 + -1?
-56203
In base 3, what is -20110 - 100010?
-120120
In base 10, what is 109550 - 2?
109548
In base 2, what is 100 - -11100111111101111111?
11100111111110000011
In base 11, what is -1125 + 868?
-368
In base 8, what is -2 + -332367?
-332371
In base 16, what is 0 - -32c74?
32c74
In base 14, what is -4 - -34c5?
34c1
In base 14, what is 5 + 41924?
41929
In base 12, what is 586 + -728?
-162
In base 2, what is 1101001100110000 + 10?
1101001100110010
In base 3, what is -1222 - 1222000?
-2000222
In base 16, what is -3 - 2446?
-2449
In base 6, what is -3 - -435101?
435054
In base 12, what is 14a9 + -53?
1456
In base 2, what is 1 - -110011111101?
110011111110
In base 5, what is -4 + -313344?
-313403
In base 12, what is 2 + -9966?
-9964
In base 4, what is -1003111 - -1023?
-1002022
In base 12, what is 1604b + -4?
16047
In base 13, what is -149 + -10a?
-256
In base 15, what is -57 + 148?
e1
In base 7, what is -44066 - 220?
-44316
In base 12, what is -16 - -46711?
466b7
In base 12, what is 3909a5 - -1?
3909a6
In base 15, what is -2bc - -b2?
-20a
In base 4, what is -32112 + -10131?
-102303
In base 6, what is -1543 - 4535?
-10522
In base 4, what is -11 - -10303322?
10303311
In base 11, what is -1384 - 68?
-1441
In base 15, what is 4 - -10479?
1047d
In base 9, what is 5 - -26173?
26178
In base 7, what is 21016 + -5?
21011
In base 4, what is 1310320331 - -2?
1310320333
In base 7, what is 434 - 5?
426
In base 11, what is 160 + 193?
343
In base 2, what is -11101 + 111111010111?
111110111010
In base 16, what is -2659 - 6?
-265f
In base 7, what is -61 + 1300?
1206
In base 12, what is 886 + -20?
866
In base 12, what is 5 - 263573?
-26356a
In base 4, what is 12 - -110102201?
110102213
In base 16, what is 3 - 671?
-66e
In base 15, what is 2 - 3960?
-395d
In base 2, what is -110010011 + -11100011?
-1001110110
In base 6, what is 1044 - 20013?
-14525
In base 12, what is -31 - 10bab?
-11020
In base 13, what is -16 + aa26?
aa10
In base 9, what is 2002 + -5?
1886
In base 5, what is 1000234 + -2304?
442430
In base 11, what is -4 + -a9a2?
-a9a6
In base 3, what is -10000 + -200122?
-210122
In base 15, what is -7e + -85?
-114
In base 8, what is -202 - -3415?
3213
In base 8, what is -2 - -45543?
45541
In base 12, what is -7 - 4aa99?
-4aaa4
In base 11, what is -1482 - 26?
-14a8
In base 13, what is -1 - -13110?
1310c
In base 6, what is 155 + 552?
1151
In base 14, what is -2 - 2ba91?
-2ba93
In base 4, what is 2 - -21000333?
21001001
In base 12, what is 1 + 48ba45?
48ba46
In base 11, what is 5 + -53199?
-53194
In base 11, what is 591473 - -4?
591477
In base 15, what is 48 - d1e?
-cc6
In base 2, what is -1001 - -111010001101100?
111010001100011
In base 8, what is -4 - -146370?
146364
In base 11, what is -1 + -79633?
-79634
In base 3, what is -1102002 - 110?
-1102112
In base 14, what is 2b2d + -13?
2b1a
In base 4, what is -101 + -302310110?
-302310211
In base 14, what is 25 - 926?
-901
In base 14, what is 20 - 418?
-3d8
In base 7, what is -4340 + -504?
-5144
In base 3, what is 1111110222200 + -2?
1111110222121
In base 6, what is 222444 - -4?
222452
In base 15, what is 53 + -197b5?
-19762
In base 12, what is 1a020 + -23?
19bb9
In base 16, what is -e - 45ac?
-45ba
In base 12, what is 26b + 3a3?
652
In base 12, what is 38 - -13281?
132b9
In base 5, what is -2 - 11210031?
-11210033
In base 2, what is -10110011001011 + -11?
-10110011001110
In base 14, what is -4 + 2515a?
25156
In base 11, what is 9040 + 3?
9043
In base 9, what is -35 + -2?
-37
In base 6, what is -1431 - 1125?
-3000
In base 15, what is -d210 - 0?
-d210
In base 3, what is -2002120 + -2122?
-2012012
In base 6, what is -4033 + 10445?
2412
In base 15, what is 10 + 9c?
ac
In base 2, what is 1001 - 11010000010101?
-11010000001100
In base 11, what is -4 - 125a203?
-125a207
In base 10, what is 6 - 22438?
-22432
In base 7, what is -2355436 - 1?
-2355440
In base 6, what is -15020355 - 3?
-15020402
In base 12, what is 5 + 127b2?
127b7
In base 13, what is 422b3 + -1b?
42295
In base 11, what is 181 - 24?
158
In base 4, what is -32211 + 11313?
-20232
In base 16, what is -5 + -75f9?
-75fe
In base 9, what is 52607 + -4?
52603
In base 11, what is 8 + 5?
12
In base 14, what is -5 + 4cd82?
4cd7b
In base 14, what is -73633 + -b?
-73640
In base 4, what is 221302103 + 11?
221302120
In base 2, what is -100001100000101 + 1100?
-100001011111001
In base 12, what is 12 + 449?
45b
In base 15, what is -6 - 724?
-72a
In base 7, what is 135 + -405?
-240
In base 9, what is -2 - -63243?
63241
In base 10, what is 1 + -18611?
-18610
In base 15, what is -62543e - 2?
-625441
In base 4, what is -10330331 + -3?
-10331000
In base 2, what is -1000010011010 - 11100?
-1000010110110
In base 9, what is -3761 + -4?
-3765
In base 10, what is -1187 + -3?
-1190
In base 2, what is -111011001 + 100?
-111010101
In base 5, what is -113 + 14211?
14043
In base 7, what is 35 - 5254?
-5216
In base 5, what is -40131 + -123?
-40304
In base 9, what is -130660 + 4?
-130655
In base 13, what is 1 + 16cb?
16cc
In base 7, what is 66 + 331323?
331422
In base 12, what is 6489ba - 5?
6489b5
In base 15, what is 407 + 2?
409
In base 13, what is a - -3852?
385c
In base 12, what is -6ba381 + -2?
-6ba383
In base 13, what is -2 - 1460a0?
-1460a2
In base 16, what is e4 + 19e?
282
In base 9, what is -12 - 883?
-1005
In base 13, what is 5 + 1103a4?
1103a9
In base 6, what 